 What is the tens digit of z?
4
Let g(c) = c**3 + 15*c**2 - 18*c - 18. Let y be g(-15). Suppose z + y = 8*z. What is the units digit of z?
6
Suppose 0 = -5*n + 2*n - 18. Let c = 1 + 3. What is the units digit of (-60)/9*n/c?
0
Suppose -134 = -6*j + 394. What is the tens digit of j?
8
Let l = -57 - -60. Suppose -11*t = -l*t - 416. What is the units digit of t?
2
Suppose 3*y - 28 = -b + 4*y, y = 4*b - 109. Let d = -2 - -12. Let p = b - d. What is the units digit of p?
7
Let r(w) = -w**3 - 6*w**2 - 9*w + 4. Let v be r(-5). Suppose -2*o - v = -74. What is the tens digit of o?
2
Let z = -1920 - -2848. What is the tens digit of z?
2
Let q(w) = -w**2 - 9*w + 13. Let i = -18 - -8. Let c be q(i). Suppose 0 = -5*y - c*b + 108 - 39, -y - 3*b = -21. What is the tens digit of y?
1
What is the units digit of 4*((-12051)/(-20) - (-34)/170)?
1
Let p(j) = 2*j + 17. Let y be p(-2). Suppose -y = -g + 10. What is the units digit of g?
3
Let z be (-14)/(-4) + 18/(-36). Suppose z*y - 149 = 4. What is the units digit of y?
1
Suppose 7*l - 5*l - 500 = 0. Suppose -260 - l = -10*n. What is the units digit of n?
1
Let n(h) = -97*h - 278. What is the tens digit of n(-9)?
9
Suppose n = 3*c + 2*n + 29, -n + 11 = -2*c. Let o = 13 + c. Suppose o*s = 4*k + 88 + 7, -3*s + 4*k = -57. What is the tens digit of s?
1
Let t(s) = s - 3 + 5 - s**2 - 6*s - 2*s. Let n be -6 + 2/6*3. What is the tens digit of t(n)?
1
Suppose 0 = 10*t - 2144 - 326. What is the units digit of t?
7
What is the tens digit of 2174120/2600 - -1*1/(-5)?
3
Let r be (2/(-2))/((-9)/(-279)). What is the units digit of (-1 + 0/4)*r?
1
Let m be (-50 + 14)*1/1. What is the hundreds digit of (-47)/(2 - m/(-16))?
1
Let g(x) = -100*x + 26. What is the tens digit of g(-3)?
2
Suppose 0 = -2*d + 5*r + 1056, 5*d + 2*r + 957 - 3539 = 0. What is the hundreds digit of d?
5
Suppose m = 5*o + 29, 5*o - 106 = -4*m + 10. Suppose -3*l + 0*l = 5*x - m, x - 9 = -l. What is the units digit of l?
8
Suppose 33 = -d + 35. Suppose 9*h - 473 = -d*h. What is the tens digit of h?
4
Let g(w) = -3*w**3 - 2*w**2 + 7*w + 2. Let i be g(-2). Suppose -i*x = -1036 + 224. What is the hundreds digit of x?
2
What is the units digit of (-2330)/8*(484/(-11))/11?
5
Let w = -570 + 2133. What is the thousands digit of w?
1
Suppose -472 = -6*l + 1034. What is the tens digit of l?
5
Let a = -2451 - -3954. What is the thousands digit of a?
1
Let u be ((-14)/(-1) - 1) + 3. Suppose q - 4*j = 16, 2*j + u = 5*q - 2*j. What is the tens digit of 1 - (q - (-2 - -26))?
2
Suppose -2*q - 27 = -3*q. Suppose 3*a + 65 = 4*t, -a - 2*t - t = 0. Let g = q + a. What is the units digit of g?
2
Let d be 9*(-1)/(-6)*2. Suppose 124 = d*i - i. Let f = -30 + i. What is the units digit of f?
2
Let p(a) = 2*a - 7. Let c be p(7). Let s(w) = -2*w + 16. Let b be s(c). What is the tens digit of (b/(-3))/((-1)/18)?
1
Let q(v) = -v**3 - 5*v**2 + 9*v - 10. Let k be q(-8). Let g = k + -55. What is the tens digit of (g - (3 + -1))*1?
5
Let f be 8 + (-5 - (2 + -4)). Suppose 0 = 4*h - f*o - 111, o = 3*h + 5*o - 60. Let b = -10 + h. What is the units digit of b?
4
Let b be 1/(-4) - (-136)/32. Suppose b*a + o + 78 = -2*o, -5*a = -4*o + 82. Let v = a - -34. What is the units digit of v?
6
Suppose -4*w - w - 5 = 0. Let k be 5 - (0 - (2 + w)). What is the units digit of (-57)/(-9) + (-2)/k?
6
Let m be -3 + 115/35 - (-1115)/(-7). Let x = m - -453. What is the units digit of x?
4
Suppose -226 = -z - 5*u, 5*z + 426 = -3*u + 1644. Let d = z + -170. What is the tens digit of 2907/d - (-2)/(-8)?
3
Let m = 126 - 24. Let h be (3 - -6)*m/9. Suppose -h = 3*z - 5*z. What is the units digit of z?
1
Let y = -1 + 3. Let j be (y/(-6))/(7/(-105)). Suppose x - j*m - 33 = -0*x, -3*m + 92 = 2*x. What is the units digit of x?
3
Let l be (2 + 1)*(-4)/(-3). Let j(x) = 29*x + 35. What is the tens digit of j(l)?
5
Let o(l) = 717*l - 127. What is the hundreds digit of o(7)?
8
Let b(k) = k**2 + 2*k + 1. Let o be b(-1). Suppose -20 = 4*c, o*s + 32 = s - 5*c. What is the units digit of -3*s/(21/(-18))?
8
Let g(n) = 2*n**2 - 17*n + 20. Suppose 0*h = -2*h + 3*w + 14, 0 = 2*h + 5*w - 30. What is the units digit of g(h)?
0
Let z(s) = 5*s**2 + 13*s + 5. Let m be -1*(4 - 5) + -6. What is the units digit of z(m)?
5
Let r be ((-32)/12)/((-4)/366). Suppose r + 5 = 3*q. What is the units digit of q?
3
Let r be -2 - ((-39)/3 + 3). Suppose r = 2*i + 2*i. Suppose 0 = 4*d - i*d - 22. What is the tens digit of d?
1
Suppose -5 = 2*m - 13. Suppose 4*c - 274 = 2*f, 3*c - m*f = -c + 264. Suppose -c = -2*z + t, 57 = z - 5*t - 1. What is the units digit of z?
3
Let a(c) = -13*c - 5. Let b be a(-9). Suppose 2*u = y - b, 0*y + 3*u = y - 114. Let l = y - 60. What is the units digit of l?
8
Let f(m) = 41*m - 240. What is the units digit of f(36)?
6
Let u(z) = z**3 + 4*z + 11. Let h = -70 + 75. What is the units digit of u(h)?
6
Suppose -4*c - 180 = 5*c. What is the tens digit of 0/(-4) + -1 - c?
1
Suppose 22950 = -152*i + 179*i. What is the tens digit of i?
5
Let x be (-1 + 3/2)/((-2)/(-8)). Suppose 188 = x*q + 70. What is the units digit of q?
9
Suppose -3*r - 316 = -5*r. Let m = r + -91. What is the tens digit of m?
6
Let v be ((-35)/(-5) + -4)*(-5)/(-3). Let f(r) = r**3 - 2*r - 13. What is the units digit of f(v)?
2
Let o(b) = -7*b + 17. Let v(s) = 9*s - 18. Let l(i) = 6*o(i) + 4*v(i). What is the tens digit of l(-6)?
6
Let p(w) = 5*w**2 + 6*w - 5. What is the units digit of p(7)?
2
Let v(i) = 61*i**2 - 7*i - 101. What is the tens digit of v(7)?
3
Let n(q) = -7*q - 3695. Let p(o) = 3*o + 1847. Let b(l) = 2*n(l) + 5*p(l). Let i be b(0). What is the tens digit of (-2)/7 - i/(-63)?
2
Suppose -9*w + 10751 = -1606. What is the units digit of w?
3
Let f(j) = 5*j - 7. Let i(u) = 4*u - 6. Let c(s) = 3*f(s) - 4*i(s). Let a be c(0). Suppose a*d = 5*d - 92. What is the tens digit of d?
4
Suppose 48*m - 45*m = 6282. What is the thousands digit of m?
2
Let q be 1/(-1) - (-3)/(1/(-1)). What is the units digit of (-131 - q)*(0 + -2 - -1)?
7
Let c be (-2 + 3)*(3 + -28). Let h = 55 - c. What is the tens digit of h?
8
Let w = 6 - -2. Suppose -3*v + 4*s + 6 + 0 = 0, 3*s - 8 = -4*v. Suppose -5*m = -x + w, -2*m + 20 = v*m. What is the tens digit of x?
3
Suppose 3*d = -d + 32. Let t = 13 - d. Suppose -o = -5*v - 6*o + 60, 0 = 4*v + t*o - 45. What is the units digit of v?
5
Let x(u) = 2*u**2 - 4*u - 5. Let l(j) = j**3 + 6*j**2 - 2*j - 7. Suppose 0 = -5*d - 4*s - s - 5, -d - 5*s = -19. Let n be l(d). What is the units digit of x(n)?
5
Let p(w) = 2325*w**2 - w + 4. What is the thousands digit of p(-1)?
2
Suppose -l + 3*r = -17, -5*l + 26 = 5*r + 1. Suppose -l*g + 54 = -6*g. What is the units digit of g?
7
Suppose 0 = 2*k - 15 + 7. Suppose k*s = -7*s + 1166. What is the units digit of s?
6
Suppose -46*t = -17*t - 86275. What is the hundreds digit of t?
9
Suppose -4*h + 3*s + 32 = 0, -h - s - 3 = -4. Suppose -h*c + 568 = 3*c. What is the tens digit of c?
7
Let d(l) = -l**2 - 10*l + 14. Let j be d(-11). Suppose -5*o + j*c + 115 = 8*c, -3*o + 3*c = -99. What is the units digit of o?
8
Suppose 5*r - 1964 = 4*i, 2*r - 2*i - 935 = -149. What is the tens digit of r?
9
Suppose 0 = -3*w - 0*o + 2*o, 3*w = 4*o. Let n be 15/21 - 4/(-14). Suppose k - q + 4 = 7, w = 3*k + 5*q - n. What is the units digit of k?
2
Let o be 2/((-2)/(-12)*-1). Let w(z) = z**3 + 13*z**2 + 14*z + 6. Let q be w(o). What is the units digit of (q/(-4))/((-1)/(-6))?
7
Let l(b) = b**3 - b**2 + b - 1. Let q(o) = 3*o**3 + 2*o**2 - 5*o + 3. Let a(s) = 4*l(s) - q(s). What is the tens digit of a(7)?
0
Suppose -6*n + 35 = -49. Suppose -n*j + 890 = -4*j. What is the tens digit of j?
8
Suppose -8*n = 246 + 194. Let u = -25 - n. What is the tens digit of u?
3
Let i = -1218 - -2209. What is the hundreds digit of i?
9
Suppose a + 4*z = -8, -7*a = -2*a + 4*z - 8. Suppose a*t - 254 = 402. What is the hundreds digit of t?
1
Suppose 30816 = 460*d - 448*d. What is the thousands digit of d?
2
Suppose 5*i + 23 = x, 5*i + x + 17 = 5*x. Let k(m) = 2*m + 11. Let s be k(i). What is the units digit of (s + -4 - -2)*-12?
2
Suppose -23*s = 3*s - 13052. What is the hundreds digit of s?
5
Let h(m) be the second derivative of -m**3/6 - 11*m**2/2 - 5*m. Let d be h(-9). What is the units digit of (d/(-2))/((-6)/(-54))?
9
Let h = -684 - -17